and y?
30
Let a(z) be the third derivative of -z**5/60 - z**4/2 - 4*z**3/3 - z**2. Let f be a(-8). What is the highest common divisor of 96 and f?
24
Suppose t = -0*t - 5, -i - t + 1 = 0. Let q = -2 + i. Suppose -141 = -q*o + 43. Calculate the greatest common divisor of 115 and o.
23
Let c(u) = -u**3 + 2*u + 15. Let t be c(0). Calculate the greatest common factor of 120 and t.
15
Let x(d) = -8*d - 2. Let c be x(-6). Suppose 3*s - 82 = -3*p + s, -c = -p + 4*s. Suppose -12 = -2*i - 0. Calculate the greatest common divisor of p and i.
6
Suppose -5*x + 4*i + 23 = -0*i, -5*i - 25 = -5*x. Suppose -2*m - x*m = 25. Let h = 9 - m. What is the highest common factor of 154 and h?
14
Let x(u) = -11*u**3 - 2*u**2 - 2*u - 3. Let j be x(-2). Let s be (-2)/(-2)*9/1. What is the greatest common factor of s and j?
9
Suppose -4*z = -38 - 2. Calculate the highest common factor of 80 and z.
10
Let h = -23 + 37. What is the greatest common factor of 224 and h?
14
Let y(x) = -6*x + 3. Let z be y(2). Let r be 2/z - 3030/(-27). Let f(u) = u**3 - 7*u**2 + 3*u - 5. Let l be f(7). What is the highest common factor of r and l?
16
Let v(f) = f**3 + 5*f**2 + f + 1. Let c be v(-5). Let m = c - -6. Let z be 40*m*(-2)/(-10). What is the greatest common factor of 40 and z?
8
Suppose -d - 11 = k, 2*d - 3 = 3*k - d. Let z = k + 8. Suppose -5*i - 5 = z*q - 45, -16 = -2*i + 4*q. Calculate the greatest common divisor of i and 40.
8
Let j(w) = w**3 - 11*w**2 - 26*w + 18. Let h be j(13). Let p be 10 + (-1)/(-1 + 2). Calculate the greatest common divisor of p and h.
9
Suppose 3*u + 16 = -4*k + 76, 2*u = 4*k + 20. Calculate the highest common factor of u and 112.
16
Suppose -60 = -2*y - 3*i, 5*y + 0*y + 5*i = 160. Let n be (2 - 0)/(6/y). What is the greatest common factor of 24 and n?
12
Let v be ((-2)/(-1))/(5/25). Let s = 6 + v. What is the highest common factor of 112 and s?
16
Suppose u = v + 11, v + 5*u - 10 = 3. Let x = v + 6. Let c be ((-8)/6)/(x/6). Calculate the greatest common factor of 88 and c.
8
Let o = -12 - -22. Let g(t) = -7*t - 11. Let w be g(-13). What is the greatest common divisor of o and w?
10
Let x = -82 + 238. What is the highest common divisor of x and 26?
26
Let q(p) = -6*p**3 + p + 1. Let s be q(-1). Suppose 3*u + s = 195. Calculate the highest common divisor of 7 and u.
7
Let l(y) be the third derivative of y**4/6 - y**3 - y**2. Let w be l(15). Calculate the greatest common factor of w and 36.
18
Let a = -69 + 102. What is the greatest common divisor of 88 and a?
11
Suppose 6*k = k + 2*c + 21, 4*k + c - 22 = 0. Suppose 0 = -k*z - u + 145, -u + 34 = 4*z - 81. Calculate the highest common divisor of 15 and z.
15
Let l = -90 + 195. Calculate the greatest common factor of 42 and l.
21
Suppose -4*j = -2*l - l - 19, 4*l + 20 = 0. Let r(f) = -f - 1. Let x be r(-9). Calculate the greatest common divisor of x and j.
1
Let y = -32 - -53. Suppose 2*k = -0*k + 14. Suppose k*n = 2*n + 35. Calculate the greatest common factor of y and n.
7
Let r be (-74)/(-10) - 3/(-5). Calculate the highest common factor of 16 and r.
8
Let p(f) = 4*f**2 + 4*f - 3. Let b be p(-4). What is the greatest common divisor of b and 15?
15
Let t = 22 + 60. Suppose -4*g = -5*s - t, 4*g + 3*s = 9*g - 96. What is the highest common divisor of g and 12?
6
Suppose -280 = a - 6*a. Suppose 3*d - 4*z - 7 = 0, 4*d - z = -5*z + a. Calculate the highest common divisor of d and 6.
3
Suppose -a + 0 = -21. Calculate the highest common factor of 105 and a.
21
Suppose j + 4*c = 45, -5*c = -3*j - 2*j + 175. Calculate the greatest common factor of 37 and j.
37
Let t be 14/2*(-10)/(-7). Calculate the greatest common divisor of t and 70.
10
Suppose 28 = 4*h + n - 73, -97 = -3*h - 5*n. Calculate the highest common factor of 60 and h.
12
Suppose -3*w + 7 + 5 = 0. Let i(k) = -k**3 + 6*k**2 + 3*k - 4. Let s be i(w). Let x = s + -27. Calculate the greatest common divisor of x and 13.
13
Suppose -t = 3*t - 12. Suppose 17 = -t*r + 83. What is the greatest common divisor of r and 33?
11
Let s(w) = 3*w**2 - 8. Let u(k) = k**2 - 5*k - 4. Let y be u(4). Let q be s(y). Suppose 0 = 5*i - 446 - q. What is the greatest common divisor of i and 14?
14
Let k(u) = -u - u + 47*u**2 - 12*u**2 - 1. Let p = -6 + 8. Let n be k(p). Calculate the greatest common divisor of n and 15.
15
Let g = -88 + 198. Let y = 6 + -2. Suppose 5*o - 11 = y*o. Calculate the highest common factor of g and o.
11
Suppose 0 = 3*n - n + 24. Let b be 4/4 - 10*n. Calculate the greatest common divisor of b and 11.
11
Let s = 11 - -12. Calculate the greatest common factor of s and 23.
23
Let d = -89 + 129. Calculate the highest common factor of 30 and d.
10
Let o = 184 - 104. What is the highest common divisor of o and 4?
4
Let t = -26 + 15. Let m = 14 + 7. Let y = t + m. Calculate the greatest common divisor of y and 10.
10
Let b(r) = r**3 + 11*r**2 - 5*r. Suppose 12 = -2*y - 10. Let q be b(y). Let u be 10/(-15) + (-70)/(-6). What is the highest common divisor of q and u?
11
Suppose 3*g - w + 1 = -3*w, -14 = -3*g + w. Suppose 169 = g*f + 64. Calculate the highest common divisor of 5 and f.
5
Let o be 3/((-3)/2)*-9. Suppose 4*r = 2*f + 4, 2*r - 1 = 5*f - 7. Suppose -f*s - 135 = -7*s. Calculate the highest common factor of o and s.
9
Suppose -4*k = -3*k - 2. Suppose 24 = 2*x + k*x. Calculate the greatest common divisor of 18 and x.
6
Let i = -5 - -4. Let s(a) = -97*a. Let w be s(i). Let k = w + -43. Calculate the greatest common factor of 6 and k.
6
Let z be 2 + 9*(-1)/(-3). What is the greatest common factor of 10 and z?
5
Let t(z) = z**2 + 11*z - 2. Let w be t(-6). Let a be w/6*(2 + -5). What is the highest common divisor of a and 80?
16
Let m be (32/(-10))/((-2)/5). Let p be (-128)/m*2/(-4). Calculate the greatest common divisor of 32 and p.
8
Suppose -c + 126 = -2*c. Let w = c - -218. What is the highest common factor of w and 23?
23
Suppose -45 = -3*l - 3*k, l + 0*k - 20 = -2*k. What is the highest common divisor of l and 70?
10
Suppose g + 91 = 4*g + m, 5*g - 5*m - 165 = 0. What is the highest common divisor of g and 248?
31
Let x(d) = -2*d + 5. Let o be x(-3). Calculate the highest common factor of o and 1.
1
Let a = -31 + 166. What is the greatest common factor of a and 15?
15
Let d(q) = -54*q - 2. Let m be d(2). Let l = 184 + m. Let w = -22 + l. Calculate the greatest common factor of 13 and w.
13
Let k = -49 - -4. Let p = 6 - k. Let v(t) = -5*t + 4. Let l be v(-6). What is the highest common factor of p and l?
17
Let c(o) = 72*o**3 + o**2 + 2*o - 3. Let d be c(1). Calculate the greatest common divisor of 48 and d.
24
Let j be ((-36)/16)/(6/(-16)). Let t be 6/(-4)*(-148)/6. Suppose -4*g + t = 13. What is the greatest common factor of j and g?
6
Let b = 238 + 62. Let f = -212 + b. Calculate the highest common factor of 8 and f.
8
Let n = 116 - 80. Calculate the greatest common divisor of n and 96.
12
Let j be (-1088)/(-12) + 2/(-3). Suppose 5*k = -4*p + 498, -4*k + 3*k = -4*p - j. Let d = 12 - -2. Calculate the highest common factor of k and d.
14
Suppose 0 = f - 3*g + 90, 0 = 4*g + 7 + 5. Let h be f/(-12)*(-8)/(-2). Suppose -m - n = -7, 16 = m - 4*n - 11. Calculate the highest common divisor of m and h.
11
Let d(a) = 5*a**3 + a. Let l be d(1). Suppose -16 = 3*b + b, -3*b - 22 = -t. Let s = t - 7. Calculate the highest common divisor of s and l.
3
Let u = 20 + -32. Let v(s) = 4*s**2 - 6*s**2 - 18 + 3*s - 17*s + s**2. Let j be v(u). Calculate the greatest common divisor of 48 and j.
6
Let i be 1/(-1 - (-138)/135). Let g = i + -82. Let y = 87 + g. Calculate the greatest common factor of 75 and y.
25
Suppose 5*y = f - 22, -3*f + 3*y + 8 = -5*f. Let c be 2/((-12)/5 + f). Let a be 176/(-10)*1*c. What is the greatest common factor of a and 8?
8
Suppose 0 = -2*v - 2*v + 12. Let g = 4 + -2. Suppose g*k = v*s + s - 12, -s + k = -3. Calculate the greatest common factor of s and 3.
3
Let d be -31*(-2 + (-4)/(-4)). Suppose -d + 79 = o. What is the greatest common divisor of o and 32?
16
Suppose -87 = -4*j + 5*v, 0 = -3*v - 1 + 16. Calculate the highest common factor of j and 4.
4
Let u = -5 - -11. Let b(o) = -o + 6. Let g be b(u). Suppose g = -3*i - 15, t - 5 - 8 = i. What is the greatest common divisor of t and 2?
2
Let j = 308 - 176. What is the greatest common divi